s digit of 791?
9
What is the ten thousands digit of 15950?
1
What is the hundreds digit of 2936?
9
What is the thousands digit of 10936?
0
What is the units digit of 790?
0
What is the units digit of 2474?
4
What is the tens digit of 28830?
3
What is the units digit of 289?
9
What is the tens digit of 5239?
3
What is the units digit of 566?
6
What is the units digit of 6779?
9
What is the tens digit of 596?
9
What is the thousands digit of 1489?
1
What is the tens digit of 3547?
4
What is the thousands digit of 7718?
7
What is the units digit of 5145?
5
What is the thousands digit of 57502?
7
What is the tens digit of 12262?
6
What is the ten thousands digit of 34670?
3
What is the tens digit of 1007?
0
What is the thousands digit of 4218?
4
What is the tens digit of 549?
4
What is the tens digit of 1648?
4
What is the thousands digit of 2804?
2
What is the units digit of 785?
5
What is the thousands digit of 29307?
9
What is the hundreds digit of 450?
4
What is the hundreds digit of 10208?
2
What is the units digit of 1173?
3
What is the units digit of 1554?
4
What is the units digit of 1469?
9
What is the hundreds digit of 8264?
2
What is the thousands digit of 34755?
4
What is the tens digit of 1051?
5
What is the ten thousands digit of 61719?
6
What is the units digit of 555?
5
What is the thousands digit of 11991?
1
What is the tens digit of 5355?
5
What is the units digit of 194193?
3
What is the units digit of 5676?
6
What is the thousands digit of 4105?
4
What is the tens digit of 34136?
3
What is the hundreds digit of 5554?
5
What is the hundred thousands digit of 115990?
1
What is the thousands digit of 7243?
7
What is the thousands digit of 44100?
4
What is the units digit of 6808?
8
What is the hundreds digit of 62584?
5
What is the ten thousands digit of 12643?
1
What is the units digit of 80470?
0
What is the units digit of 72?
2
What is the ten thousands digit of 60065?
6
What is the ten thousands digit of 11246?
1
What is the thousands digit of 189384?
9
What is the thousands digit of 50868?
0
What is the tens digit of 864?
6
What is the ten thousands digit of 121638?
2
What is the units digit of 103?
3
What is the hundreds digit of 483?
4
What is the units digit of 1246?
6
What is the thousands digit of 14212?
4
What is the units digit of 4549?
9
What is the thousands digit of 1950?
1
What is the tens digit of 1509?
0
What is the tens digit of 17905?
0
What is the units digit of 34831?
1
What is the units digit of 36554?
4
What is the hundreds digit of 7913?
9
What is the units digit of 7016?
6
What is the tens digit of 7229?
2
What is the ten thousands digit of 60676?
6
What is the units digit of 4912?
2
What is the units digit of 476?
6
What is the ten thousands digit of 35716?
3
What is the hundreds digit of 322?
3
What is the units digit of 121?
1
What is the units digit of 946?
6
What is the tens digit of 4352?
5
What is the hundreds digit of 642?
6
What is the thousands digit of 1398?
1
What is the thousands digit of 1743?
1
What is the hundreds digit of 1843?
8
What is the hundreds digit of 81728?
7
What is the hundreds digit of 173?
1
What is the hundreds digit of 1021?
0
What is the hundreds digit of 6425?
4
What is the tens digit of 6570?
7
What is the hundreds digit of 710?
7
What is the units digit of 766?
6
What is the ten thousands digit of 14233?
1
What is the units digit of 2923?
3
What is the units digit of 89438?
8
What is the hundreds digit of 144835?
8
What is the units digit of 4335?
5
What is the ten thousands digit of 89903?
8
What is the tens digit of 13534?
3
What is the thousands digit of 9537?
9
What is the tens digit of 69?
6
What is the units digit of 5618?
8
What is the tens digit of 52190?
9
What is the hundreds digit of 48221?
2
What is the thousands digit of 7982?
7
What is the thousands digit of 8225?
8
What is the tens digit of 337?
3
What is the units digit of 1087?
7
What is the units digit of 185?
5
What is the hundreds digit of 10894?
8
What is the tens digit of 6582?
8
What is the tens digit of 25528?
2
What is the ten thousands digit of 13389?
1
What is the hundreds digit of 725?
7
What is the units digit of 11025?
5
What is the thousands digit of 20933?
0
What is the ten thousands digit of 15652?
1
What is the hundreds digit of 1127?
1
What is the hundreds digit of 11690?
6
What is the hundreds digit of 837?
8
What is the thousands digit of 12947?
2
What is the tens digit of 2446?
4
What is the thousands digit of 91699?
1
What is the units digit of 1859?
9
What is the hundreds digit of 1043?
0
What is the tens digit of 14589?
8
What is the tens digit of 5627?
2
What is the tens digit of 722?
2
What is the hundreds digit of 42315?
3
What is the units digit of 3807?
7
What is the hundreds digit of 474?
4
What is the units digit of 4790?
0
What is the units digit of 235?
5
What is the thousands digit of 4421?
4
What is the units digit of 28236?
6
What is the thousands digit of 52345?
2
What is the ten thousands digit of 10887?
1
What is the thousands digit of 5028?
5
What is the units digit of 29340?
0
What is the hundreds digit of 72314?
3
What is the tens digit of 189?
8
What is the hundreds digit of 34841?
8
What is the tens digit of 732?
3
What is the units digit of 22740?
0
What is the ten thousands digit of 42446?
4
What is the tens digit of 23503?
0
What is the units digit of 2410?
0
What is the units digit of 9740?
0
What is the hundreds digit of 3025?
0
What is the ten thousands digit of 118646?
1
What is the tens digit of 5764?
6
What is the thousands digit of 1539?
1
What is the hundreds digit of 19808?
8
What is the thousands digit of 27940?
7
What is the hundreds digit of 3696?
6
What is the units digit of 7548?
8
What is the units digit of 72?
2
What is the thousands digit of 4968?
4
What is the units digit of 37088?
8
What is the thousands digit of 6104?
6
What is the units digit of 2822?
2
What is the units digit of 586?
6
What is the hundreds digit of 4073?
0
What is the tens digit of 96?
9
What is the ten thousands digit of 73232?
7
What is the tens digit of 462?
6
What is the thousands digit of 3862?
3
What is the tens digit of 4389?
8
What is the units digit of 24115?
5
What is the units digit of 468?
8
What is the units digit of 19384?
4
What is the tens digit of 10324?
2
What is the units digit of 3777?
7
What is the ten thousands digit of 165447?
6
What is the thousands digit of 1586?
1
What is the tens digit of 14781?
8
What is the tens digit of 16786?
8
What is the tens digit of 584?
8
What is the hundreds digit of 7092?
0
What is the thousands digit of 2753?
2
What is the tens digit of 22091?
9
What is the units digit of 239?
9
What is the ten thousands digit of 21694?
2
What is the units digit of 1509?
9
What is the units digit of 527?
7
What is the units digit of 1923?
3
What is the units digit of 88979?
9
What is the hundreds digit of 600?
6
What is the thousands digit of 11186?
1
What is the units digit of 2510?
0
What is the tens digit of 775?
7
What is the ten thousands digit of 25092?
2
What is the hundreds digit of 1873?
8
What is the hundreds digit of 3363?
3
What is the tens digit of 15974?
7
What is the tens digit of 724?
2
What is the ten thousands digit of 79363?
7
What is the thousands digit of 3581?
3
What is the hundreds digit of 5043?
0
What is the thousands digit of 8079?
8
What is the thousands digit of 49929?
9
What is the thousands digit of 34021?
4
What is the units digit of 40756?
6
What is the tens digit of 1703?
0
What is the tens digit of 178?
7
What is the hundreds digit of 1816?
8
What is the tens digit of 9244?
4
What is the thousands digit of 3180?
3
What is the units digit of 215?
5
What is the tens digit of 331?
3
What is the ten thousands digit of 13692?
1
What is the ten thousands digit of 57144?
5
What is the tens digit of 2753?
5
What is the thousands digit of 3660?
3
What is the tens digit of 795?
9
What is the tens digit of 7262?
6
What is the tens digit of 79641?
4
What is the ten thousands digit of 75389?
7
What is the tens digit of 24?
2
What is the tens digit of 309?
0
What is the ten thousands digit of 17622?
1
What is the units digit of 4814?
4
What is the thousands digit of 79722?
9
What is the thousands digit of